s divided by 5.
4
What is the remainder when 705 is divided by 91?
68
Calculate the remainder when 431 is divided by 29.
25
What is the remainder when 289 is divided by 68?
17
What is the remainder when 324 is divided by 106?
6
What is the remainder when 453 is divided by 37?
9
What is the remainder when 21978 is divided by 2197?
8
Calculate the remainder when 772 is divided by 25.
22
Calculate the remainder when 1671 is divided by 308.
131
Calculate the remainder when 98 is divided by 27.
17
Calculate the remainder when 179 is divided by 13.
10
What is the remainder when 1234 is divided by 19?
18
Calculate the remainder when 57 is divided by 37.
20
What is the remainder when 3239 is divided by 20?
19
Calculate the remainder when 584 is divided by 150.
134
Calculate the remainder when 1531 is divided by 171.
163
Calculate the remainder when 18815 is divided by 59.
53
Calculate the remainder when 194 is divided by 18.
14
Calculate the remainder when 98 is divided by 20.
18
Calculate the remainder when 124 is divided by 22.
14
What is the remainder when 195 is divided by 11?
8
What is the remainder when 5173 is divided by 199?
198
Calculate the remainder when 1978 is divided by 96.
58
Calculate the remainder when 199 is divided by 37.
14
Calculate the remainder when 154 is divided by 75.
4
What is the remainder when 493 is divided by 16?
13
Calculate the remainder when 197 is divided by 48.
5
Calculate the remainder when 100 is divided by 26.
22
Calculate the remainder when 1229 is divided by 82.
81
Calculate the remainder when 209 is divided by 156.
53
Calculate the remainder when 16183 is divided by 15.
13
Calculate the remainder when 7135 is divided by 86.
83
Calculate the remainder when 187 is divided by 94.
93
Calculate the remainder when 2607 is divided by 847.
66
What is the remainder when 325 is divided by 110?
105
Calculate the remainder when 121 is divided by 30.
1
Calculate the remainder when 338 is divided by 79.
22
What is the remainder when 130 is divided by 16?
2
What is the remainder when 52 is divided by 3?
1
Calculate the remainder when 115 is divided by 16.
3
Calculate the remainder when 391 is divided by 94.
15
Calculate the remainder when 6585 is divided by 178.
177
Calculate the remainder when 403 is divided by 23.
12
What is the remainder when 573 is divided by 14?
13
What is the remainder when 355 is divided by 88?
3
What is the remainder when 151 is divided by 42?
25
What is the remainder when 149 is divided by 45?
14
Calculate the remainder when 163 is divided by 21.
16
What is the remainder when 2015 is divided by 1005?
5
Calculate the remainder when 1577 is divided by 18.
11
Calculate the remainder when 1025 is divided by 54.
53
Calculate the remainder when 747 is divided by 154.
131
What is the remainder when 306 is divided by 19?
2
Calculate the remainder when 1151 is divided by 70.
31
Calculate the remainder when 743 is divided by 62.
61
Calculate the remainder when 2901 is divided by 63.
3
What is the remainder when 1097 is divided by 58?
53
What is the remainder when 29 is divided by 28?
1
What is the remainder when 5247 is divided by 40?
7
Calculate the remainder when 112 is divided by 25.
12
Calculate the remainder when 1099 is divided by 6.
1
What is the remainder when 189 is divided by 40?
29
What is the remainder when 168 is divided by 68?
32
What is the remainder when 10300 is divided by 56?
52
Calculate the remainder when 405 is divided by 51.
48
Calculate the remainder when 717 is divided by 121.
112
What is the remainder when 91 is divided by 23?
22
Calculate the remainder when 1653 is divided by 92.
89
What is the remainder when 1986 is divided by 38?
10
Calculate the remainder when 305 is divided by 51.
50
Calculate the remainder when 530 is divided by 135.
125
What is the remainder when 117 is divided by 89?
28
Calculate the remainder when 178 is divided by 101.
77
What is the remainder when 179 is divided by 31?
24
Calculate the remainder when 83 is divided by 5.
3
What is the remainder when 5879 is divided by 28?
27
What is the remainder when 1112 is divided by 231?
188
What is the remainder when 297 is divided by 47?
15
What is the remainder when 2792 is divided by 35?
27
Calculate the remainder when 232 is divided by 17.
11
Calculate the remainder when 277 is divided by 16.
5
What is the remainder when 98 is divided by 17?
13
Calculate the remainder when 191 is divided by 28.
23
Calculate the remainder when 261 is divided by 75.
36
Calculate the remainder when 677 is divided by 20.
17
What is the remainder when 69 is divided by 12?
9
What is the remainder when 32 is divided by 31?
1
Calculate the remainder when 87 is divided by 25.
12
Calculate the remainder when 159 is divided by 70.
19
What is the remainder when 82 is divided by 74?
8
Calculate the remainder when 714 is divided by 47.
9
What is the remainder when 843 is divided by 175?
143
Calculate the remainder when 217 is divided by 112.
105
What is the remainder when 581 is divided by 19?
11
Calculate the remainder when 1377 is divided by 48.
33
Calculate the remainder when 367 is divided by 34.
27
Calculate the remainder when 5266 is divided by 85.
81
What is the remainder when 53 is divided by 15?
8
What is the remainder when 4106 is divided by 26?
24
Calculate the remainder when 94 is divided by 43.
8
Calculate the remainder when 167 is divided by 14.
13
Calculate the remainder when 297 is divided by 60.
57
Calculate the remainder when 1535 is divided by 109.
9
Calculate the remainder when 2077 is divided by 16.
13
Calculate the remainder when 1795 is divided by 446.
11
Calculate the remainder when 182 is divided by 38.
30
What is the remainder when 431 is divided by 17?
6
What is the remainder when 1126 is divided by 47?
45
Calculate the remainder when 250 is divided by 117.
16
Calculate the remainder when 73 is divided by 16.
9
Calculate the remainder when 357 is divided by 91.
84
Calculate the remainder when 120 is divided by 9.
3
What is the remainder when 647 is divided by 18?
17
What is the remainder when 1077 is divided by 22?
21
Calculate the remainder when 122 is divided by 6.
2
What is the remainder when 955 is divided by 305?
40
Calculate the remainder when 229 is divided by 69.
22
Calculate the remainder when 1637 is divided by 14.
13
Calculate the remainder when 199 is divided by 24.
7
Calculate the remainder when 500 is divided by 29.
7
Calculate the remainder when 1237 is divided by 62.
59
What is the remainder when 280 is divided by 136?
8
Calculate the remainder when 386 is divided by 6.
2
Calculate the remainder when 233 is divided by 50.
33
What is the remainder when 1095 is divided by 60?
15
Calculate the remainder when 630 is divided by 49.
42
What is the remainder when 1132 is divided by 71?
67
Calculate the remainder when 110 is divided by 4.
2
Calculate the remainder when 147 is divided by 50.
47
What is the remainder when 395 is divided by 100?
95
Calculate the remainder when 111 is divided by 48.
15
Calculate the remainder when 617 is divided by 1.
0
What is the remainder when 2044 is divided by 33?
31
What is the remainder when 51 is divided by 11?
7
What is the remainder when 626 is divided by 106?
96
What is the remainder when 89 is divided by 9?
8
Calculate the remainder when 790 is divided by 788.
2
Calculate the remainder when 301 is divided by 124.
53
Calculate the remainder when 114 is divided by 33.
15
Calculate the remainder when 1147 is divided by 72.
67
What is the remainder when 52 is divided by 5?
2
Calculate the remainder when 28 is divided by 18.
10
Calculate the remainder when 135 is divided by 97.
38
Calculate the remainder when 767 is divided by 70.
67
What is the remainder when 1915 is divided by 40?
35
What is the remainder when 938 is divided by 338?
262
Calculate the remainder when 987 is divided by 44.
19
Calculate the remainder when 100 is divided by 39.
22
Calculate the remainder when 852 is divided by 57.
54
Calculate the remainder when 1164 is divided by 22.
20
Calculate the remainder when 423 is divided by 32.
7
What is the remainder when 5090 is divided by 21?
8
What is the remainder when 1669 is divided by 30?
19
What is the remainder when 415 is divided by 11?
8
What is the re